Calculate the highest common factor of r and c.
7
Let r be 1/4 + (-2)/8. Suppose r = -4*f + 17 + 7. Suppose -96 = 2*n - f*n. Calculate the greatest common divisor of n and 60.
12
Let y be (-160)/8*2/(-4). Suppose 0 = -f - 2 + y. Let t = 9 + 3. Calculate the highest common divisor of t and f.
4
Let m(r) = r**2 + r - 18. Let p be m(12). Let i(g) = 3*g**2 - 11*g + 42. Let b be i(4). What is the greatest common divisor of p and b?
46
Suppose -180 = -2*p + 4*g, p + 7 = -4*g + 85. Let t = 134 - p. Let f be 16*(0 + 3 + -2). Calculate the highest common factor of f and t.
16
Suppose -2*x + 15 = 7. Suppose 2*d - 12 = -0*d + 4*m, -5*d = x*m - 30. What is the highest common divisor of d and 4?
2
Let o(y) = 31*y**2 + y + 1. Let g = 12 - 11. Let s be o(g). What is the greatest common divisor of 22 and s?
11
Suppose -21*o + 4 = -20*o. Suppose -15 = -4*r + 3*u, o*r - 2*u - 27 = -9. What is the highest common factor of r and 6?
6
Suppose l + 483 = 5*o + 104, -2*o + 153 = l. What is the greatest common factor of 57 and o?
19
Let j be -144*((-69)/6 + 11). Let q be 94/4 + 2/4. Calculate the greatest common factor of q and j.
24
Suppose -18*c = -9*c - 81. Suppose b = -c + 94. What is the highest common divisor of 17 and b?
17
Suppose 0 = q + 5, -4*q + 3*q = -5*b - 65. Let u = b + 47. Calculate the highest common factor of u and 297.
33
Suppose -5*y = -2*i + 35, -2*i - 1 = 2*y - 43. Let q be 5 + (-5)/(5/2). Let l be 2/(-27)*q + (-1356)/(-27). Calculate the greatest common factor of l and i.
10
Let w be (-10)/30*(-3)/1. Suppose 89 = -8*x + w. Let b = x - -20. Calculate the greatest common divisor of b and 36.
9
Let x(a) be the first derivative of a**4/4 - 3*a**3 - a**2 - 34*a + 11. Let l be x(10). What is the highest common factor of l and 115?
23
Suppose -6*a + 338 + 148 = 0. Calculate the greatest common divisor of a and 135.
27
Suppose -19*s + 146 + 2153 = 0. Let c(r) = -r**3 + r**2 - 1. Let u be c(-2). Calculate the greatest common factor of u and s.
11
Let p(j) = 2*j**2 + 7*j - 62. Let c be p(6). What is the greatest common divisor of 2 and c?
2
Let r be 1 + (-16 + -1)*-1. Suppose -6*z + z = -2*a - 13, -5*a - 5*z + 20 = 0. Suppose -1 - a = -u. Calculate the greatest common divisor of u and r.
2
Let x = 171 - 168. Suppose -7*r + 10 = -o - 3*r, -6 = o - x*r. Calculate the greatest common divisor of 42 and o.
6
Let h(k) = -4*k + 29. Let l(c) = 5*c - 28. Let i(d) = -3*h(d) - 4*l(d). Let z be i(-7). What is the highest common factor of z and 9?
9
Suppose -24*r - 564 + 1908 = 0. Calculate the highest common divisor of r and 21.
7
Suppose 5*h + t = 4*t + 23, h = 2*t - 1. Calculate the greatest common factor of 28 and h.
7
Suppose 11*g - 15*g = q - 27, 4*q - g - 142 = 0. What is the highest common factor of 56 and q?
7
Let n(f) = 4*f - 127. Let w be n(35). What is the greatest common factor of w and 676?
13
Let q(o) = o**2 + 8*o + 16. Let a be q(-7). Suppose 3*c = 5*t - 0*t - 12, -3*c = 2*t - a. What is the greatest common factor of c and 1?
1
Let h = -10 + 12. Let s be ((-714)/(-9))/(h/3). Calculate the greatest common factor of s and 17.
17
Let d be 2 - 6*(-4)/8. Suppose 0 = d*s - 131 - 89. What is the greatest common factor of 4 and s?
4
Let r = 28 - 20. Let c(g) = g**3 - 8*g**2 - g + 11. Let z be c(r). Suppose 2*b + 4 = 4*b + 5*o, z*o = -2*b + 8. What is the highest common divisor of b and 1?
1
Let h be 2 - (3 - -1 - 11). Let i be (-4277)/(-63) + 1/h. What is the greatest common divisor of i and 51?
17
Let a = 718 + -577. What is the greatest common divisor of 15 and a?
3
Suppose 4*d = 5*f + 5, -3*f - 8 = f - 4*d. Calculate the greatest common divisor of f and 8.
1
Let h be ((-20)/8)/((-2)/(-12)). Let p = h + 21. Let j(a) = 3*a**2 + 17*a + 3. Let n be j(-6). Calculate the highest common divisor of p and n.
3
Suppose -107 + 338 = 7*o. Let x = o - 31. Calculate the highest common divisor of 2 and x.
2
Let o(b) = b**2 - 11*b - 25. Let h be o(13). Suppose h - 49 = -4*f. What is the greatest common divisor of f and 12?
12
Let u be (-2)/(-5) + 416/(-40). Let c be (-14)/(-4) + u/(-20). Suppose c*d - 3*a = 60, d + 3*a + 2*a = -8. What is the greatest common divisor of 4 and d?
4
Suppose -22 = 4*i - 5*i. Suppose -w = a - 28, 3*a + 29 = 2*w - 52. What is the highest common divisor of i and w?
11
Suppose -2*z + 120 = -z. Suppose -3*x - z = -7*x. Suppose 4*i + 0*d = 4*d + 296, 0 = 4*i + d - 301. What is the highest common factor of i and x?
15
Let h = 13 - -26. Let r be (-3 - 21/(-9))/((-2)/h). Let s(w) = 2*w**3 - 3*w**2 - 1. Let p be s(3). What is the highest common divisor of r and p?
13
Let w(k) = -k**2 + 13*k - 18. Let r be w(3). Calculate the greatest common divisor of r and 21.
3
Let z(b) = 4*b**2 - 3 + 39 + b**2 - 3*b**2. Let x be z(0). What is the greatest common divisor of x and 24?
12
Let j = -2 - -14. Let l = j - 9. Calculate the highest common divisor of 24 and l.
3
Suppose 2*q - j = 74 - 13, 3*q - 96 = -3*j. What is the highest common factor of 1612 and q?
31
Let s(m) = -7*m + m**2 + m**3 + m**2 + 8 - m**2 - 2*m**2. Let z be s(3). What is the greatest common divisor of z and 5?
5
Let g = -597 + 613. Calculate the greatest common factor of g and 3600.
16
Suppose 11 = 3*o + d, -4*o + 3 = -5*o + d. Let z be 2 + -3 - (0 - o). Let u = -31 + 41. What is the greatest common divisor of u and z?
1
Let c be ((-810)/4)/((-381)/2540). Calculate the highest common factor of 90 and c.
90
Let h be ((-8)/6 - -1)*-21. Let z be 788/56 + 10/(-140). What is the greatest common divisor of h and z?
7
Let x be 13 - (5 + -2 - 3). Let b = x + 2. Suppose b = 5*z, -z = 3*i - i - 153. What is the highest common divisor of 30 and i?
15
Suppose 5*t = -d + 199, 0 = 3*t - 8 - 1. What is the highest common divisor of 1564 and d?
92
Let p = 2361 - 2337. Calculate the greatest common factor of p and 376.
8
Suppose 0 = 3*i - 4*t - 144, -3*t = -0*i + 2*i - 96. Let c be ((-1)/((-3)/i))/1. Let r be 402/8 - 4/c. Calculate the greatest common divisor of 5 and r.
5
Let q = -23 + 26. Suppose -2*n = -4*l - n - 84, 76 = -q*l + 4*n. Let x = l - -21. Calculate the highest common divisor of 11 and x.
1
Let k be (45/30)/((-6)/(-68)). Calculate the highest common divisor of 850 and k.
17
Suppose 0 = -5*m - 2*x + 8 + 2, -4*m = -3*x - 8. Suppose -t - 4 = -m*t. Suppose -t - 40 = -4*b. What is the highest common factor of b and 33?
11
Suppose -4*d - 3*h = -5, 3*h + 5 - 2 = 0. Suppose d*i - 242 = 136. Calculate the greatest common divisor of i and 27.
27
Suppose -n - v = 4*n + 1778, v = -3. Let s(i) = -4*i + 539. Let r be s(0). Let l = r + n. Calculate the greatest common factor of l and 23.
23
Suppose 42*m - 48*m + 990 = 0. Suppose 92 + 73 = 5*o. Calculate the highest common divisor of o and m.
33
Let g be (-7)/(-3) - 4/(-6). Let s = 134 + 40. Suppose q + 2 + 0 = 0, -5*m + s = g*q. Calculate the greatest common divisor of m and 12.
12
Suppose 7 = -4*b + 3*d, -3*b - 2*b + d + 5 = 0. Suppose 0 = b*f - 2*c - 16, -5*f - 5*c = -41 + 11. What is the highest common divisor of f and 1?
1
Suppose 8*a - 490 = 6*a + 2*j, 5*a + 4*j - 1234 = 0. What is the greatest common factor of a and 6?
6
Suppose -2*f + 21 + 9 = 0. Suppose -x - f = -3*l, -5*l + 0*x + 25 = -3*x. Suppose l*z - 24 = 4*z. What is the greatest common divisor of 96 and z?
24
Let a = 124 - 74. Suppose -4*y + 2*h + 95 = 5*h, -2*y - 2*h = -a. Calculate the greatest common factor of y and 50.
10
Let d(a) = 2*a. Let v(z) = -9*z. Let y(x) = -6*d(x) - 2*v(x). Let k be y(1). Suppose k*u = u + 140. What is the highest common factor of u and 140?
28
Let i(n) = -2*n**2 + 5*n - 2*n + 0*n + 3*n**2 - 2. Let a be i(-5). Suppose 32 = 6*y - y - 2*r, r - 4 = 0. Calculate the highest common divisor of y and a.
8
Suppose 0 = 4*b - 5*p + 3*p - 166, -b - 4*p + 46 = 0. Calculate the highest common factor of b and 21.
21
Let c(t) = 14*t - 3. Let i be c(5). Suppose 5*j - 63 = i. Calculate the greatest common factor of 286 and j.
26
Let i = -1665 - -2376. What is the greatest common factor of i and 79?
79
Suppose -3 - 77 = -5*q. Let n = -31 - -33. Suppose n*s + 3*o = -3*s + 329, 2*s - 119 = 3*o. What is the greatest common divisor of s and q?
16
Suppose z - 4*z = -2*c + 377, 0 = 3*z + c + 374. Let o = -98 - z. Calculate the highest common factor of 54 and o.
27
Let a(q) = q**3 + q**2 